Calculate the remainder when x is divided by 22.
18
Let s = -33 - -73. Suppose 0 = 4*a - 0*v + 2*v - 56, -5*a + 5*v + s = 0. Suppose w + 160 = 6*w. What is the remainder when w is divided by a?
8
Let i(x) = 60*x**3 + x**2 + 6*x - 7. Calculate the remainder when 103 is divided by i(1).
43
Let w = -74 + 128. Suppose -7*q + q = -w. What is the remainder when 19 is divided by q?
1
Let a(n) = 6*n**2 + 12*n + 27. What is the remainder when 134 is divided by a(-2)?
26
Let z(v) = v**3 + 3*v**2 - 26*v - 73. What is the remainder when 32 is divided by z(-5)?
4
Let j be 5/(-3)*3 + 0. Let f(c) = -5*c - 12. Calculate the remainder when 36 is divided by f(j).
10
Suppose -4*j + 112 = 3*u, u + 3*u + 5*j - 148 = 0. Let z = 96 - 85. Calculate the remainder when u is divided by z.
10
Let y(i) = 2*i - 3 - 2*i**2 - 2 + 3*i**2. Let z be y(-4). Suppose 0 = -3*a - 2 - 4, -z*s + 63 = -3*a. What is the remainder when 35 is divided by s?
16
Let l = 481 - 330. Let a = 9 + 31. What is the remainder when l is divided by a?
31
What is the remainder when (-16 + 0)/8 + 114 is divided by 3?
1
Let w(m) = -m**3 + 17*m**2 + 14*m - 70. What is the remainder when w(17) is divided by 54?
6
Suppose -3*i - 2 = -2*i + m, -4*i + 3*m = -20. Suppose -3*r + 2*z = -354, 243 = i*r + 2*z - z. What is the remainder when r is divided by 31?
27
Let t(d) = -5 + 2 - 3*d**2 + 2*d**2 - 13*d - 3. Let j be (-560)/72 - 8/36*1. Calculate the remainder when 99 is divided by t(j).
31
Suppose 2*x + 5*w = 99, 4*x - 2*w + 46 = 184. Suppose -3*t + 13 = b - 6, -4*t + x = -b. What is the remainder when 37 is divided by t?
5
Let g be 4/(1/(-1) + 0). Let q(k) = 101*k - 486. Calculate the remainder when (-91)/(-1) + g/(-2) is divided by q(5).
17
Let l(f) = 7*f + 8. Suppose d + 16 = 66. Suppose -3*w + o = -d, 3*o = -5*w - 0*w + 102. What is the remainder when l(9) is divided by w?
17
Let v(u) = 7*u + 7 + 4*u**2 - 3*u**2 - 5 - 3*u. Let p be v(-8). Let s = p + -20. Calculate the remainder when 40 is divided by s.
12
Calculate the remainder when (-44 - -261) + (-20)/(-2) is divided by 46.
43
What is the remainder when 44 is divided by (138/(-184))/(6/(-64))?
4
Let c be (18/(-4))/(12/80). Let i = -9 - c. Calculate the remainder when 60 is divided by i.
18
Let c = 453 + -307. Calculate the remainder when c is divided by 21.
20
Let r = 326 + -613. Let k = r - -202. Let t = -46 - k. What is the remainder when t is divided by 10?
9
Let d = 5 - 2. Suppose -62 = d*o + 31. Let n = -8 - o. Calculate the remainder when n is divided by 13.
10
Suppose -m - 4*j + 206 = j, 4*j - 1030 = -5*m. Calculate the remainder when m is divided by 52.
50
Let b = -132 - -155. Let h = 32 - b. Suppose -u - 2*p + 6 = 0, 4*u - 5*p + 0*p - 76 = 0. Calculate the remainder when u is divided by h.
5
Let p(u) = -11*u + 2*u + 24*u - u**2 + 3*u**2 + 12. Suppose 4*r + 10 + 30 = 0. Calculate the remainder when p(r) is divided by 21.
20
Suppose 42 = -0*z + 2*z. Let u = -13 + z. Let q(t) = 3*t**3 - 33*t**2 + 61*t + 8. Calculate the remainder when q(2) is divided by u.
6
Suppose 3*y - 129 = -12. Let r = 14 - 4. Suppose 0 = -5*a + f + 54, -a + 4*f + 36 = r. What is the remainder when y is divided by a?
9
Let k = 255 + -244. What is the remainder when 426 is divided by k?
8
Let m(d) = d**2 - 19*d - 39. What is the remainder when 30 is divided by m(21)?
0
Suppose 4*z = 73*z - 7*z - 1116. Let a be 314/(-6) - (-1)/3. Calculate the remainder when 2*1/2 - a is divided by z.
17
Let k be (-3)/(1 - 8/5). Suppose 3*u - k*y = 23, -u + y + y + 8 = 0. Let v = u - -7. Calculate the remainder when 25 is divided by v.
12
Suppose 6*b - 398 = 4*b. Let i(y) = -9*y - 112. Calculate the remainder when b is divided by i(-18).
49
Suppose 3*v + 4*q - 26 = 0, -3*v + 22 = 2*q - 0*q. Suppose -c = l - 29, -v*l + l - 53 = -c. What is the remainder when c is divided by 18?
15
Let m = 16 + -13. Let a(f) = -23*f**2 + 9. Let w(o) = 11*o**2 - 4. Let d(k) = 4*a(k) + 9*w(k). Calculate the remainder when d(-1) is divided by m.
1
Suppose 4*u - 2*u + 2 = 0. What is the remainder when (4 - -2 - (1 - -1))*4 is divided by 1 - (0 + -7 + u)?
7
Let g = 48 - 48. Suppose l = -2*v + 2, 3*v + g*v + 17 = l. Calculate the remainder when l is divided by 4.
0
Let p be (3 - -1) + -4 + -4 + 5. Suppose y = -4*d + 40, 2*d = 3*y + p + 5. Calculate the remainder when 15 is divided by d.
6
Let p(w) = -w**2 + 8*w + 10. Let f be p(6). Suppose -f*i - 15 = -23*i. Calculate the remainder when 40 is divided by i.
10
Let w = -366 - -553. What is the remainder when w is divided by 54?
25
Let n = -49 + 22. Let m be ((-18)/n)/((-4)/(-102)). Suppose 2*q = 7*q + h - 67, 0 = q - h - m. Calculate the remainder when 27 is divided by q.
13
Let u be (-152)/60*-5 - (-4)/(-6). Calculate the remainder when 15 is divided by u/1*105/140.
6
Suppose -4*d + 12 = -8, -5*p + 2*d + 325 = 0. What is the remainder when p is divided by 24?
19
Let q(b) = 34*b - 22. Suppose 0 = 9*p - 6*p - 12. What is the remainder when q(p) is divided by 39?
36
Let t be 948/30 - -3 - 3/5. Suppose o = -4*m + t + 26, 0 = m - 5*o + 6. Calculate the remainder when 38 is divided by m.
10
Let z(x) = -x**3 - 8*x**2 - 6*x + 8. Let g be z(-7). Calculate the remainder when 1 + 32 + (1 - 1) is divided by (-2)/(5/60*(g - 3)).
9
Let o = -274 + 135. Let w = o + 255. Calculate the remainder when w is divided by 39.
38
Let i = -26 - -11. Let y be 12/i*(-510)/12. Let x = y + -17. Calculate the remainder when x is divided by 10.
7
Let y(u) = 6*u + 10. Let c(a) = -a - 1. Let i(n) = 4*c(n) + y(n). Calculate the remainder when 27 is divided by i(2).
7
Let u be -72*2*(-4)/6. Let f = u - 55. Suppose -5*v + 5*b + 40 = -0*v, -4*v + 3*b + 35 = 0. What is the remainder when f is divided by v?
8
Let d(f) = 2*f**3 + 2*f**2 - 2*f + 1. Let g be d(1). Suppose 2*x + 154 = g*q, q - 2*q - x = -58. Calculate the remainder when q is divided by 28.
26
Suppose -9*i + 106 = -7*i. Let o = 10 - 14. Calculate the remainder when i/(5 + o) + 2 is divided by 14.
13
Calculate the remainder when (4/((-24)/21))/(2/(-24)) is divided by 5.
2
Suppose 12 = 3*a - 3. Suppose -a*d + 58 = -4*d. What is the remainder when d is divided by 10?
8
What is the remainder when 139 is divided by (2 - 4)/(4*13/(-390))?
4
Suppose 0 = -4*k + f + 103, -5*k + 4*f = -2*k - 61. Suppose -4*p + 45 = -p. Calculate the remainder when k is divided by p.
12
Let w be ((-6)/(-4))/(2/124). Let t = 167 - w. Calculate the remainder when t is divided by ((-8)/96*-4)/(2/150).
24
Suppose 29 = y + 4*z + z, -2*y - z = -40. Let u(w) = -2*w + 2. What is the remainder when y is divided by u(-5)?
7
Let o(i) = i**2 - 5*i + 20. What is the remainder when 46 is divided by o(4)?
14
Suppose -n = 2, 0 = -h - 3*h - 5*n + 462. Suppose h = 4*g - 2*d, 0 = -5*g - d + 22 + 129. Calculate the remainder when 59 is divided by g.
29
Let y = -37 + 79. Let k = y - -25. Suppose 20*g = 11*g + 153. What is the remainder when k is divided by g?
16
Let n(u) = u**3 + u**2 + u + 26. Let t be n(0). Let p = t + -11. Let k = 6 + -2. Calculate the remainder when p is divided by k.
3
Let c(s) = -s**2 + s. Let w be c(1). Let l = -285 - -287. Suppose 3*u + 4*n - 48 = -w*u, -4*u - l*n = -54. What is the remainder when 70 is divided by u?
10
Suppose -2*k + 176 = n, 23*k = 2*n + 26*k - 347. Calculate the remainder when n is divided by 59.
48
Suppose 0*o + 3 = -4*o - 3*w, 23 = o - 4*w. Suppose -g - o = -5. What is the remainder when 74 is divided by (-3)/(-6) + 37/g?
17
Suppose 1119 = -4*v - 3*c + 19, -4*c = 0. Let q = -178 - v. Calculate the remainder when q is divided by 11.
9
Let x = 93 - -203. Calculate the remainder when x is divided by 50.
46
Suppose 35*m - 512 = 31*m. Let v(z) = 2*z**2 - 7*z - 4. Calculate the remainder when m is divided by v(6).
24
Let s(p) = p**2 - 3*p - 63. Calculate the remainder when 349 is divided by s(11).
24
Suppose -5*f = 2*t - 104 - 14, 4*t = 3*f - 76. What is the remainder when f is divided by (3/(-6))/((-1)/18)?
6
Let j = -38 + 46. Let c(r) = r**2 - r - 3. What is the remainder when c(5) is divided by j?
1
Let u(o) = o**3 - 8*o**2 - 5*o + 6. What is the remainder when u(10) is divided by 5?
1
Suppose -4*t - t + 3*y + 4 = 0, t - y = 0. Suppose 3*d - 20 = t*d. Calculate the remainder when d is divided by 12.
8
What is the remainder when 557 is divided by (